{"id":10,"date":"2018-04-09T07:53:31","date_gmt":"2018-04-09T07:53:31","guid":{"rendered":"https:\/\/pizzaioli.bw-media.gmbh\/?page_id=10"},"modified":"2026-03-05T11:59:00","modified_gmt":"2026-03-05T10:59:00","slug":"home","status":"publish","type":"page","link":"https:\/\/pizzaioli.de\/","title":{"rendered":"Home"},"content":{"rendered":"<h3>\n\t\tPizza Saarland \u2013 seit 30 Jahren garantiert die Familie Lo Giudice Pizzagenuss im Saarland.\n\t<\/h3>\n\t<p>Hallo zusammen.<\/p>\n<p>Alles begann vor mehr als einem viertel Jahrhundert in unserem kleinen aber feinen Restaurant Pizzaioli Express in Namborn. Seit dieser Zeit beliefern wir das n\u00f6rdliche Saarland mit italienischen Spezialit\u00e4ten. Vor f\u00fcnf Jahren haben wir unseren Wirkungskreis deutlich vergr\u00f6\u00dfert und kurzerhand die Stra\u00dfe zu unserem Au\u00dfenbereich gemacht.<\/p>\n<p>Mit unserer Pizza Mobil besuchen wir Veranstaltungen unterschiedlichster Art. Auch hier verzichten wir nicht auf unseren traditionellen Steinbackofen. Sie erkennen uns \u00fcbrigens nicht nur am guten Geruch, der unseren Stand umweht, sondern auch an der alten Piaggio Ape, die als Verkaufstand dient. Dahinter wird unsere Pizza in italienischer Tradition, direkt vor Ihren Augen zubereitet.<\/p>\n<p>Wenn Sie dieses typisch italienische Dolce Vita auch f\u00fcr ihre private Feier oder Ihr Firmen Event haben m\u00f6chte, rufen sie uns einfach an. Ab 100 Personen bieten wir Ihnen italienischen Partyservice im Saarland und mit unserem mobilen Stand auch vor ihrer T\u00fcr.<\/p>\n<h3>\n\t\tUnsere Bestellhotline: 06853 \/ 91 44 099\n\t<\/h3>\n\t<p>Tholeyerstrasse 24 \u2022 66646 Marpingen-Alsweiler<\/p>\n<p>&nbsp;<\/p>\n<p><u><strong>\u00d6ffnungszeiten:<\/strong><\/u><\/p>\nMittwoch &#8211; Freitag: 17:30 &#8211; 22:00 Uhr<br \/>\nSamstag &#8211; Sonntag; 17:30 &#8211; 22:30 Uhr\n<p>letzte Bestellannahme: 21:30 Uhr<\/p>\n<p><strong>Ruhetag: <\/strong>Montag und Dienstag (au\u00dfer an Feiertagen)<\/p>\n<strong>JETZT NEU:<\/strong><br \/>\n<strong>TK-B\u00f6den zum Selbstbelegen<\/strong><br \/>\n(Boden und So\u00dfe)\n<p>10,00 \u20ac \/ 4 St\u00fcck<\/p>\n\t\t\t\t<img decoding=\"async\" src=\"https:\/\/pizzaioli.bw-media.gmbh\/wp-content\/uploads\/2018\/04\/246x662xbasilikum_hochkant.png.pagespeed.ic_.UVd5_nBmKN.png\" alt=\"246x662xbasilikum_hochkant.png.pagespeed.ic.UVd5_nBmKN\" itemprop=\"image\" title=\"246x662xbasilikum_hochkant.png.pagespeed.ic.UVd5_nBmKN\" onerror=\"this.style.display='none'\"  \/>\n","protected":false},"excerpt":{"rendered":"<p>Pizza Saarland \u2013 seit 30 Jahren garantiert die Familie Lo Giudice Pizzagenuss im Saarland. Hallo zusammen. Alles begann vor mehr als einem viertel Jahrhundert in unserem kleinen aber feinen Restaurant Pizzaioli Express in Namborn. Seit dieser Zeit beliefern wir das n\u00f6rdliche Saarland mit italienischen Spezialit\u00e4ten. Vor f\u00fcnf Jahren haben wir unseren Wirkungskreis deutlich vergr\u00f6\u00dfert und&hellip;<\/p>\n","protected":false},"author":2,"featured_media":0,"parent":0,"menu_order":0,"comment_status":"closed","ping_status":"closed","template":"","meta":{"footnotes":""},"class_list":["post-10","page","type-page","status-publish","hentry"],"_links":{"self":[{"href":"https:\/\/pizzaioli.de\/index.php?rest_route=\/wp\/v2\/pages\/10"}],"collection":[{"href":"https:\/\/pizzaioli.de\/index.php?rest_route=\/wp\/v2\/pages"}],"about":[{"href":"https:\/\/pizzaioli.de\/index.php?rest_route=\/wp\/v2\/types\/page"}],"author":[{"embeddable":true,"href":"https:\/\/pizzaioli.de\/index.php?rest_route=\/wp\/v2\/users\/2"}],"replies":[{"embeddable":true,"href":"https:\/\/pizzaioli.de\/index.php?rest_route=%2Fwp%2Fv2%2Fcomments&post=10"}],"version-history":[{"count":11,"href":"https:\/\/pizzaioli.de\/index.php?rest_route=\/wp\/v2\/pages\/10\/revisions"}],"predecessor-version":[{"id":189,"href":"https:\/\/pizzaioli.de\/index.php?rest_route=\/wp\/v2\/pages\/10\/revisions\/189"}],"wp:attachment":[{"href":"https:\/\/pizzaioli.de\/index.php?rest_route=%2Fwp%2Fv2%2Fmedia&parent=10"}],"curies":[{"name":"wp","href":"https:\/\/api.w.org\/{rel}","templated":true}]}}